23 a multiple of 18?
False
Is 31 a factor of 19941669?
False
Does 20 divide 154877334?
False
Is 5406848073 a multiple of 6003?
True
Does 4 divide 428274099?
False
Does 5 divide 60164615?
True
Is 144 a factor of 56332124?
False
Does 25 divide 11629875?
True
Does 16 divide 124854714?
False
Does 47 divide 69413634?
False
Does 300 divide 1764068100?
True
Is 8 a factor of 87989935?
False
Is 14587296 a multiple of 159?
True
Is 20 a factor of 3633558060?
True
Is 49 a factor of 6564236?
True
Is 78413975 a multiple of 22?
False
Is 974 a factor of 17086882?
True
Is 16 a factor of 39143648?
True
Is 614769343 a multiple of 677?
False
Is 57 a factor of 282428616?
True
Is 398 a factor of 31254251?
False
Is 36745868 a multiple of 35?
False
Does 35 divide 179590845?
True
Does 17 divide 89286440?
False
Is 714266817 a multiple of 911?
True
Does 4 divide 604755916?
True
Does 199 divide 36306418?
False
Is 257 a factor of 268009623?
True
Does 46 divide 56068149?
False
Is 700 a factor of 23802100?
True
Is 823367246 a multiple of 4911?
False
Is 57 a factor of 12577844?
False
Does 7 divide 6904718?
False
Is 224461224 a multiple of 39?
True
Does 3 divide 14619459?
True
Is 339181830 a multiple of 810?
True
Is 20322393 a multiple of 129?
False
Is 107226108 a multiple of 957?
True
Is 1907 a factor of 396204363?
False
Is 199965619 a multiple of 7?
True
Is 61792208 a multiple of 493?
False
Is 31320747 a multiple of 34?
False
Is 5197 a factor of 1022257096?
False
Is 535100928 a multiple of 12?
True
Does 245 divide 68451775?
True
Is 2070694 a multiple of 60?
False
Is 314 a factor of 584992291?
False
Does 138 divide 64536252?
True
Does 183 divide 72470745?
True
Does 4238 divide 610399140?
True
Does 250 divide 17083052?
False
Is 32602465 a multiple of 845?
False
Is 929338902 even?
True
Does 133 divide 451887317?
True
Is 181 a factor of 67038508?
False
Does 20 divide 50052306?
False
Is 1436 a factor of 41606096?
False
Is 3238 a factor of 133692907?
False
Is 10924319 a multiple of 14?
False
Is 205 a factor of 9672449?
False
Does 55 divide 8307077?
False
Does 8 divide 6243852?
False
Does 28 divide 264241030?
False
Is 71 a factor of 128911150?
True
Does 9 divide 43159290?
False
Does 38 divide 104489841?
False
Is 625205450 a multiple of 35?
False
Does 79 divide 12599155?
False
Does 64 divide 17448064?
True
Does 196 divide 20992705?
False
Is 4659 a factor of 4856485692?
True
Is 208 a factor of 28955472?
True
Is 110 a factor of 91781800?
True
Is 6687 a factor of 1052854377?
False
Does 21 divide 60804527?
False
Is 54914945 a multiple of 14?
False
Does 363 divide 45607320?
True
Is 115115569 a multiple of 11?
False
Does 222 divide 206438244?
True
Is 600892102 a multiple of 697?
False
Does 17 divide 14050521?
False
Is 93854192 a multiple of 1814?
False
Is 43 a factor of 23848389?
False
Is 21 a factor of 254476384?
False
Is 27681404 a multiple of 956?
False
Is 38 a factor of 231990266?
True
Does 403 divide 3070860?
True
Does 37 divide 95127846?
False
Is 4 a factor of 640142800?
True
Does 19 divide 371369231?
True
Is 9 a factor of 8582314?
False
Is 36182535 a multiple of 98?
False
Does 2655 divide 968260556?
False
Does 22 divide 25891208?
False
Does 12972 divide 1382957892?
True
Does 336 divide 42949958?
False
Does 1760 divide 19677349?
False
Is 6931298 a multiple of 476?
False
Is 12 a factor of 4861968?
True
Is 29040001 a multiple of 3805?
False
Is 43 a factor of 1425428371?
True
Is 224847084 a multiple of 7?
True
Is 808 a factor of 68706670?
False
Does 4893 divide 53994759?
False
Does 60 divide 7512540?
True
Is 1640109128 a multiple of 37?
False
Does 422 divide 5924289?
False
Is 52 a factor of 443984476?
True
Is 177364836 a multiple of 11?
True
Is 4635452 a multiple of 2?
True
Does 10277 divide 4266537658?
True
Is 8 a factor of 2389046329?
False
Does 4 divide 203712372?
True
Is 65 a factor of 2706600?
True
Is 312444972 a multiple of 2065?
False
Is 172080580 a multiple of 1757?
True
Is 49960814 a multiple of 1468?
False
Does 23 divide 49378079?
True
Is 4854 a factor of 397129752?
False
Is 121 a factor of 140596596?
False
Is 33641399 a multiple of 364?
False
Is 2166 a factor of 180399341?
False
Is 1718 a factor of 1276551310?
True
Is 9 a factor of 1446435234?
True
Is 38 a factor of 142114414?
True
Is 7 a factor of 55974534?
True
Is 605569520 a multiple of 20?
True
Does 1143 divide 607801435?
False
Is 835 a factor of 13987085?
True
Is 909 a factor of 12656258?
False
Is 1241193 a multiple of 123?
True
Does 696 divide 51922296?
True
Is 2181 a factor of 124170705?
False
Is 198084762 a multiple of 12?
False
Does 113 divide 352955790?
False
Does 4623 divide 2196068313?
True
Is 83 a factor of 89845674?
True
Is 133 a factor of 11192190?
False
Does 79 divide 37228623?
False
Is 501 a factor of 724789686?
True
Does 58 divide 1699321236?
True
Does 153 divide 959486562?
True
Does 644 divide 231824544?
True
Is 451 a factor of 120211795?
True
Is 90 a factor of 1162302219?
False
Does 515 divide 35812737?
False
Does 7 divide 22639625?
False
Is 314 a factor of 3098762694?
True
Is 124053680 a multiple of 13?
False
Is 132503301 a multiple of 9?
True
Does 891 divide 11828261?
False
Is 679 a factor of 4912991835?
False
Is 7355 a factor of 89974978?
False
Is 1350644640 a multiple of 1824?
True
Is 4 a factor of 6082288?
True
Does 4543 divide 2004047387?
False
Does 3 divide 7117991?
False
Is 109475685 a multiple of 197?
False
Does 4343 divide 241156900?
False
Is 54441540 a multiple of 552?
False
Is 32002011 a multiple of 14?
False
Is 18 a factor of 4364916786?
True
Is 50940032 a multiple of 352?
True
Is 2005160703 a multiple of 1297?
True
Does 855 divide 491254785?
True
Does 5511 divide 1575888861?
False
Is 86 a factor of 203057697?
False
Is 34 a factor of 235613846?
True
Does 37 divide 1276614145?
True
Is 9023022 a multiple of 7?
False
Does 201 divide 42140856?
True
Is 35608946 a multiple of 1566?
False
Does 433 divide 11416045?
True
Does 19 divide 11240113?
False
Is 260880563 a multiple of 36?
False
Is 1911 a factor of 1627871630?
False
Is 6998775 a multiple of 243?
False
Is 1312 a factor of 171791968?
True
Does 35 divide 654736845?
True
Is 24 a factor of 691109520?
True
Is 137644336 a multiple of 8?
True
Is 10654648 a multiple of 17?
True
Does 208 divide 1338488528?
True
Is 4535 a factor of 7452746440?
True
Is 33 a factor of 1077886190?
False
Is 237089274 a multiple of 441?
False
Is 3247195720 a multiple of 83?
True
Is 1004 a factor of 13517668?
False
Is 1844886769 a multiple of 1194?
False
Is 1985595157 a multiple of 29?
False
Is 636 a factor of 700649400?
True
Does 5 divide 41839759?
False
Does 3001 divide 389253708?
True
Is 9582 a factor of 3147918463?
False
Does 16 divide 104683840?
True
Does 24 divide 24820084?
False
Does 102 divide 83891104?
False
Is 194218174 a multiple of 1186?
True
Is 35 a factor of 19101208?
False
Is 781914033 a multiple of 1149?
True
Is 751 a factor of 1590158388?
True
Is 2161281363 a multiple of 404?
False
Is 156 a factor of 11804645?
False
Is 168072099 a multiple of 39?
True
Does 132 divide 136667388?
True
Is 18918244 a multiple of 734?
False
Is 279346876 a multiple of 213?
False
Does 48 divide 656760377?
False
Is 2 a factor of 16035742?
True
Is 9660613 a multiple of 32?
False
Does 2085 divide 31162139?
False
Is 26 a factor of 24827738?
True
Is 22469832 a multiple of 66?
True
Does 631 divide 897833898?
False
Does 36 divide 218703997?
False
Is 5 a factor of 1196076840?
True
Is 13887179 a multiple of 467?
True
Is 8882 a factor of 17783346?
False
Does 1385 divide 1144199745?
True
Does 7 divide 5909242?
False
Does 1298 divide 72107794?
True
Does 5 divide 28178455?
True
Is 68607712 a multiple of 32?
True
Is 99588633 a multiple of 459?
False
Is 9 a factor of 204890445?
True
Does 106 divide 29287055?
False
Is 175777294 a multiple of 13?
False
Is 4 a factor of 51339072?
True
Is 971860236 a multiple of 157?
False
Is 74 a factor of 45201187?
False
Is 23060415 a multiple of 17?
True
Is 866783524 a multiple of 785?
False
Does 369 divide 6559344?
True
Does 532 divide 88902480?
False
Is 108 a factor of 11020104?
True
Does 950 divide 1234006300?
True
Is 91 a factor of 6026384?
True
Does 3 divide 9515145?
True
Is 101831998 a multiple of 72?
False
Does 92 divide 63923453?
False
Is 57 a factor 